{"id":2,"date":"2024-04-19T15:24:19","date_gmt":"2024-04-19T15:24:19","guid":{"rendered":"https:\/\/desekilibra2.es\/?page_id=2"},"modified":"2024-05-08T16:13:19","modified_gmt":"2024-05-08T16:13:19","slug":"sample-page","status":"publish","type":"page","link":"https:\/\/desekilibra2.es\/index.php\/sample-page\/","title":{"rendered":"Galer\u00eda"},"content":{"rendered":"\n<p>\u00a1Bienvenidos a la galer\u00eda de im\u00e1genes de la Pe\u00f1a desekilibra2! Sum\u00e9rgete en la alegr\u00eda y el esp\u00edritu festivo de nuestro querido pueblo de Cuenca a trav\u00e9s de estas vibrantes fotograf\u00edas que capturan la esencia de nuestras celebraciones. Desde las risas contagiosas hasta los bailes desenfrenados, cada imagen refleja la pasi\u00f3n y el compa\u00f1erismo que caracterizan a nuestra pe\u00f1a.<\/p>\n\n\n\n<p>En esta colecci\u00f3n, encontrar\u00e1s a personas de todas las edades unidas por el amor a la fiesta y a nuestras tradiciones. Desde los m\u00e1s j\u00f3venes que dan sus primeros pasos en la celebraci\u00f3n hasta los veteranos que transmiten su sabidur\u00eda con cada brindis, cada rostro cuenta una historia de diversi\u00f3n y camarader\u00eda.<\/p>\n\n\n\n<p>D\u00e9jate llevar por la energ\u00eda de nuestras fiestas, donde la m\u00fasica resuena en cada rinc\u00f3n y la felicidad se contagia entre amigos. Desde las coloridas vestimentas hasta los gestos de complicidad, cada detalle te transportar\u00e1 a la atm\u00f3sfera \u00fanica de nuestras celebraciones.<\/p>\n\n\n\n<p>Acomp\u00e1\u00f1anos en este viaje a trav\u00e9s de las im\u00e1genes y descubre por qu\u00e9 la Pe\u00f1a desekilibra2 es el coraz\u00f3n latente de la fiesta en nuestro querido pueblo de Cuenca. \u00a1Que las risas nunca falten y que la alegr\u00eda perdure por siempre en nuestros corazones!<\/p>\n\n\n\n<figure class=\"wp-block-gallery has-nested-images columns-default is-cropped wp-block-gallery-1 is-layout-flex wp-block-gallery-is-layout-flex\">\n<figure class=\"wp-block-image size-large\"><a href=\"https:\/\/desekilibra2.es\/wp-content\/uploads\/2024\/04\/photo1.jpeg\"><img loading=\"lazy\" decoding=\"async\" width=\"1024\" height=\"768\" data-id=\"46\" src=\"https:\/\/desekilibra2.es\/wp-content\/uploads\/2024\/04\/photo1-1024x768.jpeg\" alt=\"\" class=\"wp-image-46\" srcset=\"https:\/\/desekilibra2.es\/wp-content\/uploads\/2024\/04\/photo1-1024x768.jpeg 1024w, https:\/\/desekilibra2.es\/wp-content\/uploads\/2024\/04\/photo1-300x225.jpeg 300w, https:\/\/desekilibra2.es\/wp-content\/uploads\/2024\/04\/photo1-768x576.jpeg 768w, https:\/\/desekilibra2.es\/wp-content\/uploads\/2024\/04\/photo1-1536x1152.jpeg 1536w, https:\/\/desekilibra2.es\/wp-content\/uploads\/2024\/04\/photo1-1140x855.jpeg 1140w, https:\/\/desekilibra2.es\/wp-content\/uploads\/2024\/04\/photo1.jpeg 1600w\" sizes=\"auto, (max-width: 1024px) 100vw, 1024px\" \/><\/a><figcaption class=\"wp-element-caption\">18 de agosto de 2024<\/figcaption><\/figure>\n\n\n\n<figure class=\"wp-block-image size-large\"><a href=\"https:\/\/desekilibra2.es\/wp-content\/uploads\/2024\/04\/photo2.jpeg\"><img loading=\"lazy\" decoding=\"async\" width=\"1024\" height=\"768\" data-id=\"47\" src=\"https:\/\/desekilibra2.es\/wp-content\/uploads\/2024\/04\/photo2-1024x768.jpeg\" alt=\"\" class=\"wp-image-47\" srcset=\"https:\/\/desekilibra2.es\/wp-content\/uploads\/2024\/04\/photo2-1024x768.jpeg 1024w, https:\/\/desekilibra2.es\/wp-content\/uploads\/2024\/04\/photo2-300x225.jpeg 300w, https:\/\/desekilibra2.es\/wp-content\/uploads\/2024\/04\/photo2-768x576.jpeg 768w, https:\/\/desekilibra2.es\/wp-content\/uploads\/2024\/04\/photo2-1536x1152.jpeg 1536w, https:\/\/desekilibra2.es\/wp-content\/uploads\/2024\/04\/photo2-1140x855.jpeg 1140w, https:\/\/desekilibra2.es\/wp-content\/uploads\/2024\/04\/photo2.jpeg 1600w\" sizes=\"auto, (max-width: 1024px) 100vw, 1024px\" \/><\/a><\/figure>\n\n\n\n<figure class=\"wp-block-image size-large\"><a href=\"https:\/\/desekilibra2.es\/wp-content\/uploads\/2024\/04\/photo3.jpeg\"><img loading=\"lazy\" decoding=\"async\" width=\"1024\" height=\"768\" data-id=\"48\" src=\"https:\/\/desekilibra2.es\/wp-content\/uploads\/2024\/04\/photo3-1024x768.jpeg\" alt=\"\" class=\"wp-image-48\" srcset=\"https:\/\/desekilibra2.es\/wp-content\/uploads\/2024\/04\/photo3-1024x768.jpeg 1024w, https:\/\/desekilibra2.es\/wp-content\/uploads\/2024\/04\/photo3-300x225.jpeg 300w, https:\/\/desekilibra2.es\/wp-content\/uploads\/2024\/04\/photo3-768x576.jpeg 768w, https:\/\/desekilibra2.es\/wp-content\/uploads\/2024\/04\/photo3-1536x1152.jpeg 1536w, https:\/\/desekilibra2.es\/wp-content\/uploads\/2024\/04\/photo3-1140x855.jpeg 1140w, https:\/\/desekilibra2.es\/wp-content\/uploads\/2024\/04\/photo3.jpeg 2048w\" sizes=\"auto, (max-width: 1024px) 100vw, 1024px\" \/><\/a><\/figure>\n\n\n\n<figure class=\"wp-block-image size-large\"><a href=\"https:\/\/desekilibra2.es\/wp-content\/uploads\/2024\/04\/photo4-scaled.jpeg\"><img loading=\"lazy\" decoding=\"async\" width=\"1024\" height=\"766\" data-id=\"51\" src=\"https:\/\/desekilibra2.es\/wp-content\/uploads\/2024\/04\/photo4-1024x766.jpeg\" alt=\"\" class=\"wp-image-51\" srcset=\"https:\/\/desekilibra2.es\/wp-content\/uploads\/2024\/04\/photo4-1024x766.jpeg 1024w, https:\/\/desekilibra2.es\/wp-content\/uploads\/2024\/04\/photo4-300x224.jpeg 300w, https:\/\/desekilibra2.es\/wp-content\/uploads\/2024\/04\/photo4-768x575.jpeg 768w, https:\/\/desekilibra2.es\/wp-content\/uploads\/2024\/04\/photo4-1536x1149.jpeg 1536w, https:\/\/desekilibra2.es\/wp-content\/uploads\/2024\/04\/photo4-2048x1532.jpeg 2048w, https:\/\/desekilibra2.es\/wp-content\/uploads\/2024\/04\/photo4-1140x853.jpeg 1140w\" sizes=\"auto, (max-width: 1024px) 100vw, 1024px\" \/><\/a><\/figure>\n\n\n\n<figure class=\"wp-block-image size-large\"><a href=\"https:\/\/desekilibra2.es\/wp-content\/uploads\/2024\/04\/photo5.jpeg\"><img loading=\"lazy\" decoding=\"async\" width=\"1024\" height=\"768\" data-id=\"50\" src=\"https:\/\/desekilibra2.es\/wp-content\/uploads\/2024\/04\/photo5-1024x768.jpeg\" alt=\"\" class=\"wp-image-50\" srcset=\"https:\/\/desekilibra2.es\/wp-content\/uploads\/2024\/04\/photo5-1024x768.jpeg 1024w, https:\/\/desekilibra2.es\/wp-content\/uploads\/2024\/04\/photo5-300x225.jpeg 300w, https:\/\/desekilibra2.es\/wp-content\/uploads\/2024\/04\/photo5-768x576.jpeg 768w, https:\/\/desekilibra2.es\/wp-content\/uploads\/2024\/04\/photo5-1536x1152.jpeg 1536w, https:\/\/desekilibra2.es\/wp-content\/uploads\/2024\/04\/photo5-1140x855.jpeg 1140w, https:\/\/desekilibra2.es\/wp-content\/uploads\/2024\/04\/photo5.jpeg 1600w\" sizes=\"auto, (max-width: 1024px) 100vw, 1024px\" \/><\/a><\/figure>\n\n\n\n<figure class=\"wp-block-image size-large\"><a href=\"https:\/\/desekilibra2.es\/wp-content\/uploads\/2024\/04\/photo6.jpeg\"><img loading=\"lazy\" decoding=\"async\" width=\"1024\" height=\"765\" data-id=\"49\" src=\"https:\/\/desekilibra2.es\/wp-content\/uploads\/2024\/04\/photo6-1024x765.jpeg\" alt=\"\" class=\"wp-image-49\" srcset=\"https:\/\/desekilibra2.es\/wp-content\/uploads\/2024\/04\/photo6-1024x765.jpeg 1024w, https:\/\/desekilibra2.es\/wp-content\/uploads\/2024\/04\/photo6-300x224.jpeg 300w, https:\/\/desekilibra2.es\/wp-content\/uploads\/2024\/04\/photo6-768x574.jpeg 768w, https:\/\/desekilibra2.es\/wp-content\/uploads\/2024\/04\/photo6-1140x851.jpeg 1140w, https:\/\/desekilibra2.es\/wp-content\/uploads\/2024\/04\/photo6.jpeg 1296w\" sizes=\"auto, (max-width: 1024px) 100vw, 1024px\" \/><\/a><\/figure>\n<\/figure>\n\n\n\n<p>\u00bfQu\u00e9 es un pueblo sin su esencia? \u00danete a nuestra pe\u00f1a y descubre la autenticidad de San Clemente durante nuestras celebraciones estivales.<\/p>\n","protected":false},"excerpt":{"rendered":"<p>\u00a1Bienvenidos a la galer\u00eda de im\u00e1genes de la Pe\u00f1a desekilibra2! Sum\u00e9rgete en la alegr\u00eda y el esp\u00edritu festivo de nuestro<span class=\"more-dots\">&#8230;<\/span><\/p>\n","protected":false},"author":1,"featured_media":0,"parent":0,"menu_order":0,"comment_status":"closed","ping_status":"open","template":"","meta":{"om_disable_all_campaigns":false,"_monsterinsights_skip_tracking":false,"_monsterinsights_sitenote_active":false,"_monsterinsights_sitenote_note":"","_monsterinsights_sitenote_category":0,"footnotes":""},"class_list":["post-2","page","type-page","status-publish","hentry","no-post-thumbnail"],"aioseo_notices":[],"_links":{"self":[{"href":"https:\/\/desekilibra2.es\/index.php\/wp-json\/wp\/v2\/pages\/2","targetHints":{"allow":["GET"]}}],"collection":[{"href":"https:\/\/desekilibra2.es\/index.php\/wp-json\/wp\/v2\/pages"}],"about":[{"href":"https:\/\/desekilibra2.es\/index.php\/wp-json\/wp\/v2\/types\/page"}],"author":[{"embeddable":true,"href":"https:\/\/desekilibra2.es\/index.php\/wp-json\/wp\/v2\/users\/1"}],"replies":[{"embeddable":true,"href":"https:\/\/desekilibra2.es\/index.php\/wp-json\/wp\/v2\/comments?post=2"}],"version-history":[{"count":7,"href":"https:\/\/desekilibra2.es\/index.php\/wp-json\/wp\/v2\/pages\/2\/revisions"}],"predecessor-version":[{"id":87,"href":"https:\/\/desekilibra2.es\/index.php\/wp-json\/wp\/v2\/pages\/2\/revisions\/87"}],"wp:attachment":[{"href":"https:\/\/desekilibra2.es\/index.php\/wp-json\/wp\/v2\/media?parent=2"}],"curies":[{"name":"wp","href":"https:\/\/api.w.org\/{rel}","templated":true}]}}